is divided by 5.
3
Calculate the remainder when 557 is divided by 112.
109
Calculate the remainder when 12 is divided by 12.
0
Calculate the remainder when 87 is divided by 36.
15
What is the remainder when 554 is divided by 271?
12
Calculate the remainder when 1537 is divided by 10.
7
Calculate the remainder when 681 is divided by 64.
41
What is the remainder when 2483 is divided by 26?
13
Calculate the remainder when 21 is divided by 15.
6
What is the remainder when 84 is divided by 10?
4
What is the remainder when 369 is divided by 62?
59
What is the remainder when 1695 is divided by 213?
204
What is the remainder when 4677 is divided by 39?
36
What is the remainder when 2329 is divided by 11?
8
What is the remainder when 11 is divided by 5?
1
What is the remainder when 886 is divided by 111?
109
What is the remainder when 473 is divided by 64?
25
Calculate the remainder when 494 is divided by 8.
6
What is the remainder when 1017 is divided by 171?
162
Calculate the remainder when 386 is divided by 134.
118
Calculate the remainder when 76 is divided by 14.
6
Calculate the remainder when 244 is divided by 125.
119
Calculate the remainder when 815 is divided by 81.
5
What is the remainder when 325 is divided by 55?
50
What is the remainder when 2476 is divided by 179?
149
What is the remainder when 652 is divided by 21?
1
What is the remainder when 82 is divided by 30?
22
What is the remainder when 39 is divided by 27?
12
What is the remainder when 63 is divided by 19?
6
Calculate the remainder when 260 is divided by 22.
18
Calculate the remainder when 997 is divided by 32.
5
Calculate the remainder when 1478 is divided by 27.
20
What is the remainder when 3509 is divided by 14?
9
What is the remainder when 2751 is divided by 914?
9
What is the remainder when 112 is divided by 64?
48
Calculate the remainder when 109 is divided by 19.
14
What is the remainder when 833 is divided by 84?
77
What is the remainder when 3648 is divided by 41?
40
What is the remainder when 441 is divided by 35?
21
Calculate the remainder when 2001 is divided by 91.
90
What is the remainder when 2000 is divided by 199?
10
Calculate the remainder when 822 is divided by 59.
55
What is the remainder when 164 is divided by 7?
3
What is the remainder when 98 is divided by 39?
20
Calculate the remainder when 748 is divided by 31.
4
What is the remainder when 427 is divided by 72?
67
What is the remainder when 51 is divided by 17?
0
Calculate the remainder when 519 is divided by 20.
19
What is the remainder when 492 is divided by 33?
30
What is the remainder when 5343 is divided by 101?
91
What is the remainder when 1725 is divided by 429?
9
What is the remainder when 3092 is divided by 7?
5
What is the remainder when 277 is divided by 68?
5
What is the remainder when 30 is divided by 11?
8
Calculate the remainder when 313 is divided by 45.
43
Calculate the remainder when 232 is divided by 47.
44
Calculate the remainder when 219 is divided by 15.
9
Calculate the remainder when 8945 is divided by 172.
1
What is the remainder when 140 is divided by 36?
32
What is the remainder when 67 is divided by 34?
33
Calculate the remainder when 511 is divided by 46.
5
Calculate the remainder when 159 is divided by 52.
3
What is the remainder when 3885 is divided by 144?
141
What is the remainder when 236 is divided by 12?
8
What is the remainder when 15 is divided by 9?
6
Calculate the remainder when 462 is divided by 93.
90
What is the remainder when 46 is divided by 13?
7
What is the remainder when 161 is divided by 19?
9
What is the remainder when 49 is divided by 10?
9
What is the remainder when 592 is divided by 33?
31
Calculate the remainder when 10200 is divided by 21.
15
Calculate the remainder when 271 is divided by 17.
16
What is the remainder when 12309 is divided by 57?
54
Calculate the remainder when 1357 is divided by 166.
29
Calculate the remainder when 115 is divided by 22.
5
Calculate the remainder when 304 is divided by 62.
56
What is the remainder when 25 is divided by 12?
1
Calculate the remainder when 991 is divided by 142.
139
What is the remainder when 5444 is divided by 13?
10
Calculate the remainder when 528 is divided by 276.
252
What is the remainder when 3382 is divided by 141?
139
Calculate the remainder when 156 is divided by 40.
36
Calculate the remainder when 5911 is divided by 51.
46
Calculate the remainder when 741 is divided by 31.
28
Calculate the remainder when 33026 is divided by 92.
90
Calculate the remainder when 153 is divided by 59.
35
Calculate the remainder when 6146 is divided by 5.
1
What is the remainder when 1955 is divided by 48?
35
What is the remainder when 39 is divided by 13?
0
Calculate the remainder when 48 is divided by 18.
12
Calculate the remainder when 365 is divided by 362.
3
Calculate the remainder when 592 is divided by 578.
14
Calculate the remainder when 331 is divided by 84.
79
Calculate the remainder when 690 is divided by 653.
37
What is the remainder when 901 is divided by 43?
41
Calculate the remainder when 145 is divided by 21.
19
What is the remainder when 40 is divided by 28?
12
Calculate the remainder when 257 is divided by 88.
81
Calculate the remainder when 467 is divided by 115.
7
What is the remainder when 67 is divided by 37?
30
What is the remainder when 91 is divided by 12?
7
Calculate the remainder when 339 is divided by 58.
49
What is the remainder when 1168 is divided by 332?
172
Calculate the remainder when 1861 is divided by 4.
1
What is the remainder when 171 is divided by 59?
53
Calculate the remainder when 13485 is divided by 142.
137
What is the remainder when 186 is divided by 4?
2
What is the remainder when 2251 is divided by 41?
37
Calculate the remainder when 6682 is divided by 26.
0
What is the remainder when 65 is divided by 23?
19
What is the remainder when 99 is divided by 50?
49
What is the remainder when 44 is divided by 12?
8
Calculate the remainder when 133 is divided by 103.
30
What is the remainder when 350 is divided by 93?
71
Calculate the remainder when 136 is divided by 84.
52
What is the remainder when 626 is divided by 201?
23
Calculate the remainder when 1528 is divided by 1523.
5
What is the remainder when 986 is divided by 71?
63
What is the remainder when 115 is divided by 69?
46
Calculate the remainder when 245 is divided by 4.
1
What is the remainder when 374 is divided by 46?
6
Calculate the remainder when 71 is divided by 62.
9
What is the remainder when 65 is divided by 54?
11
Calculate the remainder when 1360 is divided by 113.
4
What is the remainder when 388 is divided by 43?
1
Calculate the remainder when 163 is divided by 33.
31
What is the remainder when 864 is divided by 117?
45
What is the remainder when 587 is divided by 6?
5
Calculate the remainder when 445 is divided by 150.
145
Calculate the remainder when 104 is divided by 33.
5
Calculate the remainder when 1519 is divided by 95.
94
What is the remainder when 174 is divided by 48?
30
Calculate the remainder when 340 is divided by 56.
4
What is the remainder when 142 is divided by 50?
42
Calculate the remainder when 9281 is divided by 44.
41
Calculate the remainder when 9228 is divided by 71.
69
What is the remainder when 493 is divided by 378?
115
Calculate the remainder when 246 is divided by 238.
8
What is the remainder when 22804 is divided by 126?
124
What is the remainder when 51 is divided by 18?
15
What is the remainder when 150 is divided by 48?
6
What is the remainder when 1294 is divided by 145?
134
Calculate the remainder when 87 is divided by 16.
7
What is the remainder when 2287 is divided by 21?
19
What is the remainder when 332 is divided by 135?
62
Calculate the remainder when 197 is divided by 171.
26
What is the remainder when 673 is divided by 135?
133
What is the remainder when 1220 is divided by 9?
5
Calculate the remainder when 129 is divided by 53.
23
Calculate the remainder when 225 is divided by 21.
15
Calculate the remainder when 215 is divided by 144.
71
Calculate the remainder when 128 is divided by 34.
26
What is the remainder when 600 is divided by 49?
12
What is the remainder when 71 is divided by 15?
11
What is the remainder when 150 is divided by 82?
68
Calculate the rem